g. Suppose 5*f - 114 = 5*y - 24, -y + g = 2*f. What is the highest common factor of f and 6?
3
Let m be (-450)/1*(-3)/6. Let l(t) = 3*t + 81. Let x be l(-27). Suppose x = 11*z - 18*z + 175. Calculate the highest common factor of m and z.
25
Let v be (-12)/66 - 9450/(-66). Calculate the greatest common divisor of v and 13.
13
Let h(s) = -4*s - 136. Let k be h(-37). What is the highest common divisor of k and 84?
12
Let i be (3 + 6/(-12))/(2/4). Let g be 150 + 2 + 0 - 2. Suppose -5*u = -0*u - g. Calculate the highest common factor of u and i.
5
Let s = -24 - -25. Let v be ((-8)/(-2))/2 + s. Calculate the highest common factor of v and 6.
3
Suppose 4*b + h = 7, -2*h = 5*b + 4 - 15. Suppose 3*w - 6 - b = -4*s, -2*s = 4*w - 16. Suppose -w*r - 33 = -233. What is the highest common divisor of 16 and r?
8
Let a be ((-4)/10)/((-1)/275). Let t = 21 + -13. Let p be -1 + -2*(-44)/t. What is the highest common divisor of a and p?
10
Suppose a + 64 = 3*a. Let b = 36 - a. Suppose b*j - 3*m = 1112, -j + 373 = -5*m + 78. What is the highest common factor of 25 and j?
25
Let p be (19/2)/((-1758)/252 - -7). Calculate the highest common factor of p and 285.
57
Let v be -4*11/(-12) - 2/3. Suppose -4*h + 392 = v*h. Calculate the highest common divisor of h and 140.
28
Let d(j) = 2*j**2 - 9*j - 10. Let u be d(8). Let q = u + 104. What is the highest common factor of q and 60?
30
Let p(k) = 2*k + 35. Let d be p(8). Calculate the highest common divisor of 6 and d.
3
Let o(c) = -3*c + 6*c - 4*c + 6*c. Let p be o(1). Suppose 2*y = 5*f - 181, -p*f - 2*y = -126 - 43. Calculate the highest common divisor of 14 and f.
7
Let n be (188/(-235))/(1056/(-525) - -2). Calculate the greatest common factor of n and 210.
70
Let u be (0 - -1)/(12/60). Suppose -j + 1 = 0, 2*v + v - u*j = 64. Suppose -l + v = 2*l + 2*t, l - 15 = 3*t. What is the greatest common divisor of l and 27?
9
Suppose -13*n + 3800 = 12*n. What is the highest common factor of 19 and n?
19
Let s be -1 - -4 - -5*5. Let t = 41 + -40. Suppose -5*y = 3*k - 36, 2*k + t = y + 4*y. Calculate the greatest common divisor of s and k.
7
Let g(p) = 2*p**3 + 35*p**2 - 23*p - 72. Let w be g(-18). What is the highest common divisor of w and 51?
3
Suppose -9*m - 365 = -374. Let f(q) = -q**3 + 4*q**2 + q - 3. Let j be f(4). Let x = 0 + j. Calculate the greatest common factor of m and x.
1
Let h = 417 + -322. What is the highest common factor of 38 and h?
19
Suppose 2*s - 134 = -2*y, 65*s - 67*s + 3*y = -134. What is the greatest common divisor of 2278 and s?
67
Let p = 25 + 3. Let j(u) = 34*u + 32. Let h be j(11). Suppose -5*g - 56 = -h. What is the greatest common divisor of p and g?
14
Let t be 17 - (-12)/(-4 - 2). What is the highest common divisor of 12 and t?
3
Suppose 0 = -1500*v + 1498*v + 34. What is the greatest common factor of v and 221?
17
Let i be (-4)/((-36)/75) + 4/6. Let z = i + 0. Suppose 5*p - 27 = 2*p. Calculate the greatest common divisor of p and z.
9
Let b(l) = l**2 + l + 17. Let f be b(0). Let i be (2805/(-220))/((-3)/12). Calculate the greatest common divisor of i and f.
17
Let g(a) = 2*a**2 + 14*a - 3. Let p be g(-8). Calculate the greatest common factor of 3 and p.
1
Let p be (54/21)/(6/308). Calculate the highest common divisor of p and 33.
33
Let m = 2030 - 1518. What is the highest common factor of 80 and m?
16
Suppose 0 = 4*i - 6*i + 4. Let y be 74/14 + i/(-7). Let q = -18 + 19. What is the greatest common factor of y and q?
1
Let u(c) be the second derivative of -c**4/12 + c**3/3 + c**2/2 - 7*c. Let r be u(2). Let n be r*(-12)/9*-24. Calculate the highest common divisor of n and 48.
16
Suppose 826*c = 811*c + 1995. What is the highest common divisor of 38 and c?
19
Suppose 2*i - 4*q = -27 - 9, 0 = 5*i - q + 63. Let t = i - -34. Suppose -491 = -6*z + 169. What is the greatest common divisor of z and t?
22
Let w(d) = -106*d + 108. Let p be w(-4). Calculate the greatest common factor of p and 84.
28
Let w(g) = 15*g - 11*g + 8 + 10*g - 2. Suppose 0 = -l - 2*l + 9. Let d be w(l). Calculate the highest common divisor of 32 and d.
16
Let o = 116 - 111. Suppose k + 2 = 0, 147 = -o*w + 4*k + 355. What is the highest common factor of 5 and w?
5
Let o be (525/10)/3 - 4/8. Suppose -102 = -18*g + 15*g. Calculate the highest common divisor of o and g.
17
Let x = 0 - -3. Suppose -5*o = 2 - 12. Suppose -o*h - 4 = -x*h. What is the highest common factor of h and 6?
2
Suppose -4*y - 4*t + 2 = -3*t, -4*t = -8. Let l = 18 - y. What is the highest common factor of 162 and l?
18
Let k = 245 + -238. What is the highest common divisor of k and 203?
7
Let v = -26 + 30. Suppose v*x = 3*m + 9*x - 550, 0 = 4*m + 2*x - 710. What is the highest common factor of 25 and m?
25
Let v = -12 - -14. Suppose v*l + 18 + 30 = 0. Let k be 35*(l/(-5) + -4). Calculate the greatest common divisor of 7 and k.
7
Let w(o) = -3*o**2 - 3*o + 2. Let t be w(-5). Let u be 2/(-6) - t/3. Suppose -n + u = -35. What is the highest common factor of 6 and n?
6
Suppose 10 = 2*f + 2*v, -3*v = 2 + 7. What is the greatest common factor of f and 6?
2
Let w(t) = t**2 - 6*t + 28. Let c be w(8). Calculate the highest common divisor of c and 33.
11
Suppose 0 = -2*v - 3*v + 20. Suppose 5*j - 10*j - 14 = -q, 10 = 2*q - j. What is the highest common factor of q and v?
4
Suppose -4*b - 2*b - 18 = 0. Let a be b + ((-1)/(-5) - 87/(-15)). What is the highest common divisor of 21 and a?
3
Suppose -5*h + 13 = t, 4*h - h - 87 = -5*t. Calculate the greatest common divisor of 126 and t.
18
Suppose 782 = 5*t + 3*r - 1117, 3*r = 2*t - 747. Calculate the highest common divisor of t and 54.
54
Let i(x) = 2*x**2 - x + 2. Let p be i(-3). Let u = 36 + p. Suppose q - u = 29. What is the greatest common divisor of 11 and q?
11
Let h(m) = -m**2 - 30*m - 85. Let a be h(-8). What is the highest common factor of 14 and a?
7
Suppose -3*w - 7*w = 0. Let t be w/(-3) - -91 - 1. What is the highest common divisor of t and 36?
18
Suppose 8*u - x + 1670 = 13*u, u - 4*x = 313. Suppose 114 = 2*c - c + 4*n, -3*c - 3*n = -u. Calculate the greatest common divisor of 66 and c.
22
Let m(n) = 2*n**2 - 14*n - 14. Let p be m(8). Calculate the highest common factor of p and 16.
2
Suppose -3*z = w - 93, -4*z - 23 + 131 = -4*w. What is the highest common factor of z and 12?
6
Let z(n) = -14*n. Let c be z(-2). Suppose b = 3*d - 7 - 0, -10 = 2*b - 4*d. Let t = b + c. What is the highest common divisor of t and 18?
9
Let r(o) = o**2 - 15*o + 8. Let q be r(15). Let p = 7 - 1. Let a be 9/p - (-1)/(-2). Calculate the greatest common divisor of q and a.
1
Let k(p) = -4*p - 3. Let h be k(-2). Let x = 99 - -1. Suppose 15*c - 10*c = x. Calculate the greatest common factor of h and c.
5
Let y = 279 - 271. Let o(d) = d**3 + 0*d**2 - d**2 - 3 - 1 + d - 3*d. Let r be o(3). What is the greatest common divisor of y and r?
8
Suppose -4*y + 0*y = -28. Let s(c) = 17*c**2 + 9*c - 9. Let a be s(2). What is the highest common factor of a and y?
7
Let d(f) = -f**3 + 6*f**2 + 44*f - 33. Let p be d(9). What is the greatest common divisor of p and 96?
24
Suppose 0 = 5*g + 3 + 17. Let s be g/(-22) - (-1216)/88. Calculate the greatest common factor of 126 and s.
14
Let a(c) = c**2 - 12*c + 29. Let s be a(13). What is the greatest common divisor of s and 182?
14
Suppose d = -9*d + 1500. What is the highest common divisor of d and 125?
25
Suppose -h + 3 = 4*u, -2*h - 15 = -5. Suppose 5*x - u*x = 15. Suppose 27 - 107 = -x*c. What is the highest common factor of c and 4?
4
Let n(f) = 8*f**2 - 23*f**2 + 16*f**2 + f. Let b be (3 - 4)*(-4)/(-2). Let a be n(b). What is the greatest common divisor of 10 and a?
2
Let v(w) = -5*w + 13. Let z be v(2). Suppose -167 = -3*o - 2*o + 3*r, -z*o = -3*r - 105. Calculate the greatest common divisor of o and 31.
31
Let o = 1356 + -1111. What is the highest common factor of o and 10?
5
Suppose -4*d + 81 = -3*t, -3*t - d - 2*d = 102. Let j = 40 + t. What is the greatest common divisor of 1 and j?
1
Let l = -86 - -99. Calculate the highest common factor of l and 26.
13
Suppose -2*t + 0*t + 28 = 0. Let h be 15*4*1/12. Suppose -25 = -h*y + 5*a, -y + 5*a = -3*y + 24. Calculate the highest common divisor of t and y.
7
Let j be (-72)/8 - -6 - 1*-4. Let x be (-412)/(-26) - 12/(-78)*j. What is the highest common fa